 q = -37 + g. What is the remainder when q is divided by 4?
0
Suppose -5*g = -3 + 8. What is the remainder when (-21)/(-28) + 450/8 is divided by 155/10 + 6/4 + g?
9
Let y(a) = -a**3 - 10*a**2 - 17*a - 1. Suppose -4*g = -r + 21, -2*g - 4 - 5 = r. Calculate the remainder when -1*(-1)/(r/9) is divided by y(-8).
2
Suppose -176 = -2*z - 162, 4*f - 170 = -2*z. Calculate the remainder when 16571 is divided by f.
35
Let b(t) = t**3 - t**2 - 3*t + 1. Let p(u) = -u**3 - 3*u**2. Let h be p(0). Let f be b(h). What is the remainder when 101 + 0/1 + (4 - f) is divided by 27?
23
Let m(r) = r**3 + 2*r**2 - 72*r - 250. Calculate the remainder when 68 is divided by m(-4).
2
Suppose -24 = -4*q - 4*f, -5*q + f = 3*f - 45. Calculate the remainder when 382 is divided by q.
8
Let l(j) = 11*j - 31. Let r be l(6). Let y = r - -1. Calculate the remainder when y is divided by 15.
6
Suppose h = -h + 50. Let n(y) = 4*y**2 + 102*y - 8. What is the remainder when n(-26) is divided by h?
19
Suppose -2 = 3*l - 3*n + 4, -2*n + 4 = -4*l. Suppose l = -9*d + 6*d + 69. Let x = 38 + -32. Calculate the remainder when d is divided by x.
5
Suppose 10683 + 5732 = 35*x. Calculate the remainder when x is divided by 79.
74
Let m(b) = 5*b**2 + 4*b + 170. Let d(l) = -2*l**2 - 2*l - 57. Let s(r) = -11*d(r) - 4*m(r). What is the remainder when 58 is divided by s(-8)?
4
Suppose -26*k - 5 = -25*k - 2*h, -5*k + 19 = h. Suppose -28 = -20*i + 15*i + 3*j, k*j = -4*i + 44. Calculate the remainder when 39 is divided by i.
7
Let d = 686 + -681. Suppose 0 = 10*g - 15*g - 4*b + 385, d = -b. Calculate the remainder when 318 is divided by g.
75
Suppose -182 = p - 13*p - p. Let w(a) = 12*a + 4. What is the remainder when w(6) is divided by p?
6
Suppose -21*v - 19526 - 32182 = -145*v. Calculate the remainder when 1672 is divided by v.
4
Let i = 117 + -49. Let n = i + -53. Suppose 5*l = 5*o + 330, l = -3*o - n + 81. What is the remainder when l is divided by 23?
20
Let m(c) = -c**3 - 2*c. Suppose -1035 = -71*a - 112. Calculate the remainder when m(-3) is divided by a.
7
Let v = -203 - -105. Let b = 183 + v. Calculate the remainder when b is divided by 18.
13
What is the remainder when (-48)/24*((-2433)/6)/1 is divided by 39?
31
Let s be 30/18*-23*(3 - 6). Suppose -91*u + 96*u - s = 0. Calculate the remainder when 113 is divided by u.
21
Let w be 28/70 - (12/(-5))/(-1). Let k(u) = 10*u**2 + 3*u - 2. What is the remainder when 60 is divided by k(w)?
28
Let d be (7/(-2))/((-2)/((-348)/(-3))). Let y = 235 - d. Let l = 136 - 41. What is the remainder when l is divided by y?
31
Suppose 8*x - 1050 = 734. Let k = 237 - x. What is the remainder when 53 is divided by k?
11
Suppose -7*i = 3*i - 18100. Suppose -p - 4*f = -2127, 4*p = f + 10284 - i. What is the remainder when 59 is divided by (-4)/(-22) + p/143?
14
Let j be (2 + -5)*(-2960)/24. Let g = j - 350. What is the remainder when 95 is divided by g?
15
Suppose 3*a + a - 2*o = -50, a - 4*o = -23. Let j(t) = -19*t + 27 + 54*t - 25*t + t**3 + 12*t**2. What is the remainder when j(a) is divided by 10?
8
Let k = 383 + -167. Let i = -203 + k. Calculate the remainder when 467 is divided by i.
12
Suppose 20 = -5*u + s + 110, u = -2*s + 7. Let x(w) = 2*w**2 + 5*w - 6. Let z = 9 + -17. What is the remainder when x(z) is divided by u?
14
Let m(v) = 5*v**2 + 23*v - 699. What is the remainder when m(13) is divided by 110?
5
Suppose 13*h - 56 = -17. Suppose 5*f - 4 = -x, h*x = 4*x - 2*f - 4. Calculate the remainder when 31 is divided by x.
3
Let j(z) = -3*z + 90. Let i be 144/18*(-17)/(-8). Calculate the remainder when j(i) is divided by 20.
19
Suppose -640 = -176299*q + 176139*q. Suppose b - 275 = -4*b. What is the remainder when b is divided by q?
3
Let m = 106 - 111. Let s be (m*16/6)/(10/(-15)). Suppose -5*q = -f - 7 - 4, -5*q = -s. Calculate the remainder when 61 is divided by f.
7
Let r be 1*(-2)/(-8) - (-1780)/(-16). Let k = r + 275. What is the remainder when k is divided by ((-462)/56)/(0 - 3/20)?
54
Let k(s) be the second derivative of -13*s**3/3 + 42*s**2 + 4*s - 22. Calculate the remainder when k(-10) is divided by 29.
25
Let v(t) = 3*t**3 - 13*t**2 + 17*t - 22. Let w be v(6). Let l = w - -276. Calculate the remainder when l is divided by 49.
46
Suppose -471 + 84 = -5*h - 4*o, 10 = -5*o. Let v(n) = 2*n**3 + 3*n**2 + 3*n. Let g be v(-2). Let i = g - -30. What is the remainder when h is divided by i?
19
Let w = -104 + 104. Suppose 4*p + k + 13 - 40 = w, -p + 2 = 5*k. Calculate the remainder when p is divided by 5.
2
Let u be ((-189)/(-108))/(1/2184). Calculate the remainder when ((-44)/(-18) - 2) + u/27 is divided by 12.
10
Let v(d) = -d**3 - 5*d**2 + 3*d + 8. What is the remainder when (423/18)/((-2)/12 + 2/3) is divided by v(-6)?
21
Suppose -4*d - b + 5899 = 0, 4408 = -4*d + 7*d + 4*b. What is the remainder when d is divided by 57?
51
Suppose 3*v + 2*l = -8, 2*v + l = -0*l - 4. Suppose v = 5*f - 99 + 34. Suppose -7*w = -f - 155. What is the remainder when w is divided by 13?
11
Suppose 4*f - 446 = 2*x, -97 = x + 4*f + 114. Let o = x - -246. Calculate the remainder when o is divided by 7.
6
Let j = -41 - -52. What is the remainder when (-4)/(-7) - (2056/(-14))/2 is divided by j?
8
Suppose -7 - 13 = 10*o. Let z be (22 + -23)*(-1 - o). Let g = 52 - z. Calculate the remainder when g is divided by 7.
4
Let v = 19274 - 17480. What is the remainder when v is divided by 1791?
3
What is the remainder when 282 is divided by (2 + 110/(-33))*-72?
90
Let q = 118 + -110. What is the remainder when (q/6)/(-4 - 61/(-15)) is divided by ((-16)/6)/(14/(-63))?
8
Let s(w) = -9*w - 172. Let a be s(-22). Suppose a*f + 1048 = 34*f. Calculate the remainder when f is divided by 23.
16
Suppose 70*z = 69*z - 18. Let d(f) = -f**3 - 19*f**2 - 16*f + 38. What is the remainder when 16 is divided by d(z)?
0
Let v be (-25 - -10)*(0 + (-4)/6). Suppose -3*z + v = w, -2*z = -9 + 5. Calculate the remainder when (-4)/(-6) + 13/3 is divided by w.
1
Suppose 413 = 5*a + 58. Let v(z) = -4*z + 14. What is the remainder when a is divided by v(-3)?
19
Suppose 0*o + 364 = 2*p - 11*o, 2*p + 4*o = 454. What is the remainder when p is divided by 41?
10
Suppose -3*w + 5*n - 4*n = -288, -494 = -5*w - 3*n. Let b = w + -91. Suppose 12*c - 66 = b*c. What is the remainder when 31 is divided by c?
9
Let m(o) = -o**3 + 12*o**2 - 21*o - 33. Let s = 110 - 28. Calculate the remainder when s is divided by m(9).
19
Let a(k) = k**2 - 25*k + 184. What is the remainder when 249 is divided by a(13)?
25
Let m = -188 + 3541. Calculate the remainder when m is divided by 78.
77
Let l(w) = 2*w**3 + 52*w**2 - 18*w + 41. What is the remainder when l(-26) is divided by 239?
31
Let l(i) = 20674 - 20807 - 4*i**2 + 3*i**2 - 31*i. Calculate the remainder when l(-8) is divided by 13.
12
Let g(m) = m**3 - 31*m**2 + m - 31. Let r be g(31). Suppose -8*i - 24 + 664 = r. What is the remainder when i is divided by 24?
8
Let c(h) = 6*h**3 - 8*h**2 + 11*h + 114. Calculate the remainder when c(6) is divided by 70.
68
Let n(w) = 11*w**3 + 44*w**2 - 325*w - 66. What is the remainder when n(7) is divided by 19?
16
Let z(n) = 233*n + 46. What is the remainder when 97 is divided by z(0)?
5
Let r(k) = 10*k**2 - 4*k - 13. Let q be r(-4). Suppose 47 + q = 14*h. Calculate the remainder when 148 is divided by h.
13
Let g = -1163 + 705. Let y = 566 + g. What is the remainder when y is divided by 39?
30
Let h(f) = f**3 - 3*f**2 - 9*f - 4. Let p be h(5). Let y be (44 + -26)*(2/(-2))/p. Let k = 112 + y. Calculate the remainder when k is divided by 24.
22
Let f = 17 - 10. Suppose 0 = d + r - 1, -d = r + 2*r + f. Suppose d*l - 3*w - 112 = w, -5*l + w = -103. What is the remainder when l is divided by 6?
2
Let g = -125 - -50. Let i = 494 - 500. Let l = i - g. What is the remainder when l is divided by 19?
12
Calculate the remainder when 217 is divided by 175/(-210) + 2886/180 - (-4)/5.
9
Let n = 11 + -2. Let d = 548080 - 548040. What is the remainder when ((-39)/n)/((-1)/27) is divided by d?
37
Let n(c) = 41*c - 85. Let z be n(-23). Let l = -782 - z. What is the remainder when l is divided by 32?
22
Let o be (206 - 23) + (-3 - (-4 - -1)). Suppose -u - 19 = -o. What is the remainder when u is divided by -2 + 34 + (1 - 0)?
32
Suppose -5*t + 432 = -b, -2*b + 317 = t